7185. Give h(-137).
-2
Let w(b) = 4*b**2 + 224*b + 232. Calculate w(-47).
-1460
Let g(u) = -15*u**2 + 221*u - 1420. Determine g(8).
-612
Let h(l) = -154604*l + 463812. Calculate h(3).
0
Let n(v) = v**3 - 9*v**2 + 102*v - 401. What is n(4)?
-73
Let g(n) = n**2 + 7435*n - 81916. What is g(11)?
-10
Let v(g) = -g**2 + 943*g - 69876. Determine v(81).
-54
Let o(w) = 3*w**3 + 98*w**2 + 55*w - 115. Give o(-32).
173
Let v(t) = 42578*t + 1149607. What is v(-27)?
1
Let s(d) = d**2 + 164*d - 1759. Calculate s(13).
542
Let g(j) = 2*j**3 + 266*j**2 + 340*j + 10032. Calculate g(-132).
0
Let q(g) = g**3 - 5*g**2 - 283*g - 83. Determine q(19).
-406
Let f(i) = i**3 + 6*i**2 - 185*i + 25. What is f(13)?
831
Let z(c) = c**3 + 31*c**2 - 2367*c + 3019. What is z(-67)?
4
Let k(m) = -2*m**3 + 120*m**2 - m + 183. Determine k(60).
123
Let a(w) = -7*w**2 - 538*w - 3801. Determine a(-69).
-6
Let d(y) = -y**3 - 156*y**2 + 1331*y + 3165. Determine d(-164).
49
Let k(t) = 20*t**2 + 57638*t - 57641. What is k(1)?
17
Let d(n) = 71320*n + 213952. Calculate d(-3).
-8
Let x(u) = -3*u**2 - 873*u + 380020. Give x(239).
10
Let l(f) = 88130*f + 11985685. Give l(-136).
5
Let a(w) = 5698*w + 2683757. Determine a(-471).
-1
Let n(b) = 1860*b - 22366. What is n(12)?
-46
Let p(l) = l**2 + 49*l - 8566. Give p(-128).
1546
Let x(f) = -f**3 + 92*f**2 + 77*f - 7749. Determine x(92).
-665
Let q(u) = 9393*u**2 - 206647*u + 49. Determine q(22).
27
Let d(n) = 8897*n + 409302. What is d(-46)?
40
Let l(r) = -2*r**2 - 55*r + 129. Determine l(-27).
156
Let w(h) = -3*h**2 - 492*h - 11850. Give w(-135).
-105
Let n(c) = -c**3 + 6*c**2 + 60*c + 144. Give n(-6).
216
Let r(m) = -935*m - 157836. Give r(-169).
179
Let q(l) = -940*l - 17976. Determine q(-19).
-116
Let o(i) = -1052*i - 49438. What is o(-47)?
6
Let t(o) = 3*o**3 + 908*o**2 - 360*o - 17273. Determine t(-303).
-2
Let w(y) = -1781*y + 14173. Determine w(8).
-75
Let r(h) = -h**3 + 4*h**2 + 93*h + 400. Give r(12).
364
Let p(h) = -10349*h - 921089. Calculate p(-89).
-28
Let s(z) = 179*z**2 + 795*z + 793. Give s(-1).
177
Let d(v) = 1643*v - 87260. Determine d(53).
-181
Let f(j) = -j**3 - 63*j**2 - 561*j + 138. Give f(-11).
17
Let i(o) = 50*o**2 + 17557*o + 2432. Give i(-351).
-25
Let d(u) = 89*u**2 + 2165*u - 47. Give d(-26).
3827
Let g(a) = 27169*a - 1222595. Determine g(45).
10
Let v(c) = 265*c**2 + 96986*c - 1707. Give v(-366).
-243
Let t(f) = -2*f**2 + 277*f - 7026. Determine t(35).
219
Let m(t) = 2*t**3 - 975*t**2 - 732*t - 359418. What is m(489)?
-3
Let u(g) = -7*g**2 + 31*g - 230. Give u(10).
-620
Let i(f) = -310*f**2 - 7408*f + 263. Calculate i(-24).
-505
Let l(q) = -2*q**3 - 11*q**2 + 66*q - 7. Calculate l(-9).
-34
Let c(h) = -4820*h + 298880. Calculate c(62).
40
Let n(t) = -3*t**2 - 654*t + 508. Calculate n(-220).
-812
Let u(v) = -v**3 - 12*v**2 - 35*v - 88. Calculate u(-17).
1952
Let a(o) = -o**3 + 14*o**2 - 112*o + 1169. What is a(13)?
-118
Let i(q) = -q**2 - 345*q + 68533. What is i(141)?
7
Let f(q) = 652*q + 178001. What is f(-273)?
5
Let l(m) = 23*m**3 - 46*m**2 - 4*m + 13. Determine l(2).
5
Let z(g) = -139631*g - 2513273. Give z(-18).
85
Let h(x) = -x**3 - 8*x**2 + 264*x - 214. What is h(-21)?
-25
Let g(r) = 87860*r + 1230028. Determine g(-14).
-12
Let g(z) = -22*z**2 + 178*z - 5. What is g(9)?
-185
Let h(c) = -3*c**2 - 1105*c - 87125. Calculate h(-254).
-3
Let i(z) = -2*z**2 + 118*z + 18948. What is i(146)?
-6456
Let y(z) = -7595*z - 2582312. Calculate y(-340).
-12
Let f(g) = -6*g**3 - 132*g**2 + 19*g + 71. What is f(-22)?
-347
Let m(g) = -8381*g + 100495. Determine m(12).
-77
Let p(d) = 23*d**3 - 6*d**2 - 736*d - 730. Give p(-1).
-23
Let b(q) = -q**3 - 656*q**2 + 5309*q + 42. Calculate b(8).
18
Let v(w) = -6*w**3 + 330*w**2 - 13*w + 1533. What is v(55)?
818
Let c(q) = 1399*q - 149596. Calculate c(107).
97
Let y(r) = 6951*r + 54815. Determine y(-8).
-793
Let p(m) = 9*m**3 + 24*m**2 + 53*m - 78. What is p(1)?
8
Let b(a) = 957*a**2 + 44055*a + 1393. Determine b(-46).
-125
Let m(f) = 85485*f + 513175. Calculate m(-6).
265
Let z(u) = -u**2 + 303*u + 106. Determine z(0).
106
Let x(f) = -2*f**2 - 396*f + 122982. What is x(168)?
6
Let h(d) = -d**3 - 17*d**2 + 937*d - 42. Calculate h(-40).
-722
Let t(l) = -3475*l + 264103. What is t(76)?
3
Let x(r) = -4*r**2 + 32*r - 31. Calculate x(15).
-451
Let b(y) = 294*y**2 + 1774*y + 190. What is b(-6)?
130
Let u(f) = -19*f**2 + 203*f + 1309. Give u(0).
1309
Let i(v) = 1261*v - 93277. Determine i(74).
37
Let q(m) = 6*m**3 - 403*m**2 - 13823*m - 23. What is q(-25)?
-73
Let z(j) = 428*j**2 + 436*j + 437. What is z(-1)?
429
Let u(p) = 1589*p - 17650. Give u(11).
-171
Let p(b) = 3213*b + 51039. Give p(-16).
-369
Let x(r) = -r**3 + 7*r**2 + 48*r - 162. Give x(5).
128
Let i(p) = 3*p**3 + 114*p**2 + 914*p + 34719. What is i(-38)?
-13
Let y(a) = 5*a**2 + 59. What is y(-9)?
464
Let p(z) = 701*z - 197696. What is p(282)?
-14
Let w(i) = 4*i**2 + 387*i - 2455. What is w(-103)?
120
Let p(o) = 2*o**2 - 299*o + 11360. Calculate p(76).
188
Let h(y) = 12*y**2 - 296*y + 1748. What is h(9)?
56
Let g(w) = -w**2 + 13385*w - 267308. Calculate g(20).
-8
Let u(p) = -p**3 - 233*p**2 + 3*p - 403. What is u(-233)?
-1102
Let g(b) = b**3 + 10*b**2 + b - 228. Calculate g(-12).
-528
Let v(n) = n**2 - 199997*n + 1399916. Determine v(7).
-14
Let l(d) = 28145*d - 167500. Determine l(6).
1370
Let z(f) = -3*f**3 + 1895*f**2 + 60269*f - 17873. Give z(662).
1
Let t(y) = -1824*y - 18083. What is t(-10)?
157
Let f(x) = 49*x**3 + 1272*x**2 - 64*x - 337. Calculate f(-26).
-25
Let k(u) = 67840*u - 2645863. Determine k(39).
-103
Let p(h) = -3*h**2 - 1349*h + 33086. What is p(-473)?
-24
Let q(r) = r**2 - 103763*r - 1245305. Determine q(-12).
-5
Let x(z) = 7*z**2 + 279*z + 1219. What is x(-35)?
29
Let m(c) = -3530*c + 71234. What is m(20)?
634
Let p(n) = -n**2 + 618*n - 91506. Determine p(246).
6
Let f(l) = -l**3 - 37*l**2 + 112*l + 17. Give f(-40).
337
Let l(s) = 3*s**2 + 273*s - 6948. Give l(-111).
-288
Let y(x) = -3*x**2 + 1092*x + 49526. Calculate y(405).
-289
Let m(t) = -t**3 + 2117*t**2 + 210131*t - 887. Calculate m(-95).
-32
Let k(n) = -3695*n - 993941. Determine k(-269).
14
Let l(y) = 7*y**2 - 87*y - 972. Calculate l(-11).
832
Let g(r) = -448*r + 39030. Determine g(87).
54
Let o(k) = -k**2 + 288*k + 86765. Determine o(-184).
-83
Let q(k) = -50*k**2 + 876*k + 7799. Determine q(24).
23
Let v(z) = 219116*z + 3944076. Determine v(-18).
-12
Let p(v) = 166130*v - 1495368. Give p(9).
-198
Let u(t) = -38*t**3 - 1257*t**2 - 93*t - 161. Determine u(-33).
-359
Let r(k) = -15112*k - 8704506. Determine r(-576).
6
Let k(d) = -959126*d - 13427750. What is k(-14)?
14
Let m(g) = 312*g**2 + 915*g - 1. Determine m(-2).
-583
Let p(h) = -2449*h + 320788. Calculate p(131).
-31
Let c(o) = -96*o + 11572. Calculate c(118).
244
Let v(a) = 167336*a - 6860716. Give v(41).
60
Let a(g) = -g**2 - 11238*g + 21047351. Calculate a(1635).
-4
Let k(z) = 1370*z**2 - 126036*z - 241. Give k(92).
127
Let i(f) = -2*f**3 + 133*f**2 + 7*f - 1296. Calculate i(0).
-1296
Let w(y) = y**2 + 806*y + 34518. Determine w(-46).
-442
Let j(l) = 63494*l - 952408. Determine j(15).
2
Let d(w) = 11*w**3 - 175*w**2 - 343*w + 16. Determine d(-2).
-86
Let w(x) = 971*x - 90336. Calculate w(93).
-33
Let x(k) = -37*k**2 - 353*k + 149. Determine x(-13).
-1515
Let z(t) = 37*t**2 + 5850*t + 6124. Determine z(-157).
-313
Let n(c) = -63444*c + 443920. What is n(7)?
-188
Let l(g) = -g**2 - 20765*g + 22289131. Give l(1023).
7
Let z(i) = -3*i**3 - 53*i**2 - 2*i + 451. Calculate z(-3).
61
Let l(c) = 80*c**2 + 615*c + 1112. Determine l(-4).
-68
Let n(c) = -5103*c - 14072. Determine n(-3).
1237
Let r(q) = -761145*q - 4566877. Calculate r(-6).
-7
Let w(q) = -19193*q - 998034. Give w(-52).
2
Let c(a) = -62275*a - 373678. Calculate c(-6).
-28
Let u(y) = -2*y**2 - 1652*y + 23609. Give u(14).
89
Let t(i) = 3*i + 174. Calculate t(73).
393
Let z(r) = -7030*r - 35149. What is z(-5)?
1
Let p(f) = 47075*f + 753195. What is p(-16)?
-5
Let t(u) = 298*u**2 - 2023*u - 8. What is t(7)?
433
Let a(k) = k**3 - 38*k**2 + 430*k - 4902. Give a(29).
-1
Let b(v) = -75*v**2 + 1124*v - 4064. Give b(6).
-20
Let a(y) = -59390*y - 712694. Give a(-12).
-14
Let i(m) = 7008*m**2 - 7011*m - 3. Give i(1).
-6
Let n(d) = d**3 + 12*d**2 - 181*d +